, -2*p - 379 = -5*c - 395. What is the highest common factor of 1056 and p?
8
Let o(s) = -s**3 - s**2 + s + 108. Let l be o(0). What is the greatest common divisor of 621 and l?
27
Suppose 2*n + 6*h - 161 = h, 5*n + 2*h - 371 = 0. Suppose 13*r - n = 18. Calculate the highest common factor of r and 1.
1
Suppose 0 = -60*d + 114*d - 2430. What is the highest common factor of d and 915?
15
Let k = -931 - -935. Calculate the greatest common divisor of 134 and k.
2
Let v be -2 + 6 - (-3 - -5). Let a be (10/2 + -2)*1. Let b = v + a. Calculate the highest common factor of 35 and b.
5
Suppose 8246 = 43*j - 1085. What is the greatest common divisor of 279 and j?
31
Let d(y) = 5*y**2 + y. Let j be d(-1). Suppose -5*w + 2*u - u = -78, u = -j*w + 66. Let c = w + 18. What is the greatest common factor of 17 and c?
17
Let b be (84/20)/(0 + (-3)/(-15)). Calculate the greatest common divisor of b and 35.
7
Let a = 34 - -32. Let g(n) = n**3 + n**2 + n + 3. Let p be g(0). Suppose -2*l = p*l - 110. What is the greatest common divisor of l and a?
22
Let f(z) be the first derivative of 2*z**3 - 5*z**2/2 + 6*z - 11. Let t be f(3). Calculate the greatest common factor of 9 and t.
9
Suppose 70 = 3*c + 1. Suppose 112*m + 110*m - 242*m + 5060 = 0. What is the highest common factor of m and c?
23
Let r be 553*(8 + -6) + 4. What is the highest common factor of r and 15?
15
Suppose -5*y + 306 = 4*d + 59, 2*y = 2*d - 146. Calculate the greatest common factor of d and 17.
17
Suppose 197 = 5*r + 2*v, 3*r - 4*v - 74 = r. Let d = 5 + -4. Suppose 51 = 2*n - d. What is the highest common divisor of n and r?
13
Let m = -12 - -32. Let l be (12/(-10))/((-4)/m). Suppose 0 = 2*i + i + 2*j - 35, -2*j + 5 = i. What is the greatest common factor of i and l?
3
Let b = 122 - 66. What is the highest common factor of 224 and b?
56
Suppose c - 3*u + 7 = 0, c - 2*u + u + 1 = 0. Let t be c/(-6) - (-616)/21. What is the greatest common divisor of t and 29?
29
Suppose -2*f - 12 = 2*j - 0, -4*j + 2*f = 18. Let t = 2 + j. Let k be 6/((t/4)/(-3)). What is the highest common divisor of k and 3?
3
Suppose 2*j - 10 + 4 = 0. Suppose j*v - l - 73 = 110, 225 = 4*v + 5*l. Calculate the highest common factor of v and 24.
12
Let a be 9/2 - 1/2. Suppose 3355*s = 3365*s - 120. What is the greatest common divisor of a and s?
4
Let p be (-74*2/(-8))/(21/42). What is the highest common factor of p and 1221?
37
Let f(l) = 8*l. Let g be f(4). Suppose 3*x = -2*m + 24 + g, 3*m = -15. What is the highest common factor of 2 and x?
2
Suppose -4*u = 2*d + 74, 2*u - u - 3*d = -36. Suppose 0 = 4*w + w + 60. Let z = w - u. Calculate the highest common factor of 9 and z.
9
Let h = 13 + -8. Let r(p) = 2*p + 122. Let i be r(-36). Calculate the highest common factor of i and h.
5
Suppose -10 = -2*v + 4. Suppose v*l - 3598 = 3*l - 2*n, 3*l = -n + 2698. Suppose 5*w - 496 - l = 0. Calculate the highest common divisor of w and 31.
31
Let m(h) = 34*h**3 - 2*h**2 + 7*h - 6. Let x be m(1). Let j(w) = w**3 + 5*w**2 + 3. Let r be j(-5). Calculate the greatest common factor of r and x.
3
Let h = 2225 + -1793. Calculate the greatest common divisor of h and 18.
18
Let p be 3/(-6)*1*-6. Suppose -p*n + 0 = -6. Suppose 0 - n = -b. Calculate the greatest common factor of b and 1.
1
Let x = 296 - 251. Calculate the greatest common factor of 120 and x.
15
Let w = 473 + -187. Calculate the highest common factor of 26 and w.
26
Suppose 4*h = 12*h - 24. Suppose 0 = -4*c + n + 124, 4*n = h*c - c - 48. Calculate the highest common factor of c and 4.
4
Let y = -18 - -50. Suppose -a + y = -33. Let c(r) = 16*r - 6. Let i be c(2). Calculate the greatest common factor of i and a.
13
Suppose -4*y - 2*b - 4 + 2 = 0, b + 1 = 0. Let l(g) = 2*g + 7. Let q be l(y). Calculate the greatest common factor of 7 and q.
7
Suppose -82 = -6*c - 430. Let m = c + 64. What is the greatest common divisor of 54 and m?
6
Let t(w) = w. Let d be t(3). Suppose 109 = v - 0*o - d*o, -3*o = -2*v + 221. Let z = 293 - 277. Calculate the greatest common factor of z and v.
16
Let x be ((-429)/(-286))/((3/(-52))/(-1)). What is the highest common factor of x and 650?
26
Let i be (-2 - 90)/(20/(-30)). Calculate the greatest common factor of 12 and i.
6
Suppose 90 = 4*d - 2*j - 202, -2*d + 154 = 3*j. Calculate the greatest common divisor of 814 and d.
74
Suppose 0 = 3*m - m. Suppose i + 0*n = -n + 12, m = -2*i - n + 19. What is the highest common factor of i and 35?
7
Let m(v) be the third derivative of v**5/30 + 55*v**3/6 - 14*v**2. Let t be m(0). Calculate the greatest common divisor of 5 and t.
5
Let n(k) = -k - 4. Let d = 15 - 19. Let y be n(d). Let i(c) = -c**3 - c**2 + 9. Let f be i(y). What is the highest common divisor of 18 and f?
9
Let p(s) = 23*s**2 - 3*s**3 + 2*s**3 + 260 - 289 - 40*s. Let q be p(21). Calculate the greatest common divisor of q and 26.
13
Let r(w) = -2*w + 13. Let b be (1/(-2))/((-2)/(-8)). Let m be r(b). Calculate the highest common factor of m and 51.
17
Let u(c) = 91*c - 160*c + 76*c - 43. Let z be u(7). What is the greatest common factor of z and 15?
3
Suppose -364*x + 2 = -365*x. Suppose 36 = 8*j - 4*j. Let r be (-154)/(-126) + x/j. Calculate the greatest common divisor of r and 11.
1
Let n be (40/6 + -2)/(2/3). Let o = -33 + 61. What is the greatest common factor of o and n?
7
Suppose -39*u + 192 = -27*u. Let r(i) = -2*i + 4. Let g be r(-6). Calculate the highest common factor of u and g.
16
Suppose -9*f - 8*f = -5610. Suppose -4*o + 28 + 92 = 0. Calculate the greatest common divisor of f and o.
30
Let l = -298 - -434. Suppose -29*t - l = -31*t. Calculate the greatest common factor of t and 17.
17
Suppose 5*h = -205 + 205. Suppose v - 2*v = -b - 28, v - 5*b - 40 = h. What is the highest common divisor of 250 and v?
25
Suppose -5*y + 2*n = -2*y - 223, 0 = -2*y + 2*n + 146. What is the highest common divisor of 88 and y?
11
Suppose 10*p = 12*p + 18. Let s = 77 + p. Calculate the greatest common factor of 102 and s.
34
Let x = 31 - 9. Let c = -104 - -197. Suppose 258 - c = 5*o. What is the highest common factor of o and x?
11
Suppose -b - 5 = -0*b. Let y = b - -7. Suppose y*k - 6*k + 3*z = -177, -k = -3*z - 42. What is the greatest common divisor of 15 and k?
15
Let w(i) = 5*i**2 - i. Let p be w(-2). Suppose -j - 16 + p = 0. Calculate the highest common factor of 21 and j.
3
Let f be 4*76*(-86)/(-32). What is the greatest common factor of 57 and f?
19
Let g = -55 - -100. Let h be (-14)/42 - (-32)/6. Suppose -2*j = 6, 10*w + h*j - 10 = 5*w. What is the greatest common divisor of g and w?
5
Suppose -10*a = -13*a + 378. What is the highest common divisor of a and 90?
18
Let p be (-20)/(1 - -8 - 10). Suppose -3*l = 6, 0*l = -h - 4*l + 212. What is the highest common factor of p and h?
20
Let p = 1693 + 726. Calculate the greatest common divisor of p and 41.
41
Let w be -2*3 - 665/(10/(-2)). Calculate the greatest common divisor of 3429 and w.
127
Let c be (10 - 4)/(4/(-6)). Let o be (-3)/c - 250/(-6). Let s(r) = r**3 + r**2 - 4*r + 2. Let u be s(2). Calculate the greatest common factor of u and o.
6
Let z = 290 - 285. Calculate the greatest common divisor of 145 and z.
5
Let k be (-1235)/35 + (-4)/(-14). Let o = 2 - k. Let g = 65 - o. Calculate the greatest common factor of g and 42.
14
Let i be -24*(0 - (-4)/(-8)). Let x(f) = 8*f - 38. Let v be x(7). What is the greatest common factor of v and i?
6
Let x(t) = t**3 - 7*t**2 - 5*t - 12. Let i be x(8). Suppose 3*w = -6, 3*m - 6*w + 3*w = 78. Let l = i + m. Calculate the greatest common divisor of 54 and l.
18
Suppose 2*b - 12 = 5*o + 32, -3*b = 3*o - 45. Calculate the highest common factor of b and 459.
17
Let g be (-9 + 12)/(-6 - (-4149)/690). Suppose 3*h - 6*h - 4*v + 26 = 0, -5*v + 15 = 2*h. Calculate the greatest common divisor of g and h.
10
Let d be -6*1/((-2)/3). Suppose -4*r - 115 = -d*r. Let s = r + -13. What is the highest common factor of s and 15?
5
Suppose -10*x + 48*x = 342. What is the greatest common divisor of x and 33?
3
Let p(c) = 3*c**3 - 9*c**2 - 2*c + 5. Suppose -5*h = 4*k - 28, -6*h + 3*h + 3*k + 6 = 0. Let s be p(h). Calculate the highest common divisor of 270 and s.
45
Let d(y) = -16*y - 202. Let h be d(-13). What is the greatest common divisor of h and 14?
2
Let u(m) = -2*m - 2. Let y